prime factors of (3 - 74/2)/a?
17
Let v = 3949 + -2577. List the prime factors of v.
2, 7
Suppose 5*z = 4*z + 5. What are the prime factors of 10/25 - (2 + (-48)/z)?
2
Suppose 8*x = 1314 - 210. Suppose 0 = 2*w - x - 0. List the prime factors of w.
3, 23
Let c(s) be the third derivative of s**6/60 - 2*s**5/15 - s**4/12 + 2*s**3/3 + 4*s**2. Let n be c(6). What are the prime factors of ((-6)/(-4))/(6/n)?
2, 17
List the prime factors of (-2)/3*(-4456 - 38).
2, 7, 107
What are the prime factors of (-53 + 1783)*(-3)/(-2)?
3, 5, 173
Suppose 0 = -11*h + 15*h - 120. Suppose 0 = w - l - 10, w - h = -2*w - 4*l. Let k(i) = -i**3 + 12*i**2 - 15*i + 2. List the prime factors of k(w).
2, 13
Suppose 2*o = -o + h - 9, -4*o - 3*h = -1. List the prime factors of (-160)/72 - o - 1102/(-18).
61
Let y = -154 - -160. Suppose -1053 = 3*t - y*t. List the prime factors of t.
3, 13
Suppose -4*d = 2*d - 174. Suppose d*p - 42 = 26*p. What are the prime factors of p?
2, 7
Let j(g) = -10*g**2 - 2*g. Let r be j(1). List the prime factors of r*(1 - (2 + (-12)/(-9))).
2, 7
Suppose 0 = 2*h - 5*i - 9, 2*i + 5 = 7*i. Let l = h + -4. What are the prime factors of ((-81)/4)/l*-4?
3
Suppose -4*t + 40 = -2*m, 0*m + 30 = -2*m + 2*t. List the prime factors of (5/m)/(1/(-94)).
47
Let g be (-1 + (-182)/(-56))/(6/64). Let p = -119 - -251. Suppose p - g = 3*d. List the prime factors of d.
2, 3
Let o be ((-32)/(-20))/((-6)/(-15)). Let q = o + -3. What are the prime factors of q*(-3)/(-9)*39?
13
Suppose 0 = -2*j + 3*j - 2. Suppose -j*d = 2*v - 14, 3 = d - 3*v - 8. Let r = 16 - d. List the prime factors of r.
2
Let j = 7 + -54. Let i = 96 + j. What are the prime factors of i?
7
Suppose -82 - 848 = -6*d. What are the prime factors of d?
5, 31
Let y(l) = 86*l**2 + 2*l. Let d be y(-1). Let r be 100/(-7) + 24/d. Let o = 51 + r. List the prime factors of o.
37
Let x(p) = -p**2 + 14*p + 4. Let w be x(7). Suppose 5*y - 5*z = 145, 2*y - 4*z = 3*y - 44. Let g = w - y. What are the prime factors of g?
3, 7
Let q = -1264 - -5612. What are the prime factors of q?
2, 1087
Suppose 7*o + 15*o = 22088. List the prime factors of o.
2, 251
Suppose 10*h = 20*h - 4250. List the prime factors of h.
5, 17
Suppose 3*m + 12 = -2*n, 3*m = -4*n + 5*n - 12. Suppose 4*f - 68 = -2*b, 0*f + 67 = 5*f - 2*b. Let v = f + n. List the prime factors of v.
3, 5
Let h(m) = -m**3 - 8*m**2 + 9*m + 10. Let r be h(-9). Suppose -r - 88 = -y. List the prime factors of y.
2, 7
What are the prime factors of (33/(-22))/((-9)/6)*727?
727
Let x = -30 + 35. Suppose -3*a + x*m = -688, 3*m = 3*a + 4*m - 658. List the prime factors of a.
13, 17
Let z = 3444 + -2327. List the prime factors of z.
1117
What are the prime factors of 10/((28/(-399))/(-4))?
2, 3, 5, 19
Suppose -5*y + 6*y = -7. Let v(i) = -12*i - 25. What are the prime factors of v(y)?
59
Let r = 54 - 40. Let t = 106 + r. What are the prime factors of t?
2, 3, 5
Let r = 51 - -214. Suppose 5*y = 5*v - r, -5*y + 106 + 69 = 3*v. List the prime factors of v.
5, 11
Suppose 3*b = -h + 751, b - 2*h = 3*b - 502. What are the prime factors of b?
2, 5
Suppose 4*c - 9 = 5*c. Suppose 0 = 2*b + 4*j + 14, -9 = 4*b + 3*j + 14. What are the prime factors of (-105)/c + b/(-15)?
2, 3
Suppose 10*k = 5*k - 420. List the prime factors of k*-3*(-8)/(-36).
2, 7
Let f(j) = -5*j**3 + 5*j**2 + 8*j - 13. What are the prime factors of f(-6)?
11, 109
Suppose 3*d - 8197 = 5*z, -3*z + 7*z = d - 2723. What are the prime factors of d?
3, 11, 83
Suppose -4*v + 2 = -5*r, -4*r - 15 = v - 5. Let x be r/(-8)*0 + 0. Suppose x = -5*d + d + 104. List the prime factors of d.
2, 13
Let o = -1590 + 2734. List the prime factors of o.
2, 11, 13
Let v be 4*(-1)/((-4)/(-3)). List the prime factors of 246*(v + 20/6).
2, 41
Let p(u) = u**2 + 6*u - 137. List the prime factors of p(26).
5, 139
Let t = -85 + 85. Let s(p) = -2*p + 205. List the prime factors of s(t).
5, 41
Suppose z - 80 = -7*z. Suppose 13*p - z*p - 297 = 0. List the prime factors of p.
3, 11
Suppose -6*w + 12 = -0. List the prime factors of 2*-8*w/(-2).
2
Suppose 0 = 4*n - 2*r - 740, -3*r + 91 + 80 = n. What are the prime factors of n?
3, 61
Let l(m) = 4*m + 2. Let j be l(1). What are the prime factors of ((-8)/6)/(j/(-171))?
2, 19
Let a(o) be the second derivative of 0 + 6*o**2 + 4*o - 2/3*o**3 + 1/12*o**4. What are the prime factors of a(7)?
3, 11
Let y = 24 + -34. List the prime factors of y/35 - 568/(-28).
2, 5
Let i(u) = 23*u**2 + 3*u - 7. List the prime factors of i(2).
7, 13
Let a(c) = -14*c**3 + 4*c**2 + 6*c + 10. List the prime factors of a(-3).
2, 7, 29
Let u = -682 - -1191. What are the prime factors of u?
509
Suppose 4*d = 7*d - 21. Suppose 0 = -d*j + 12*j - 210. What are the prime factors of j?
2, 3, 7
Let r be (-9)/4 + (-2)/(-8). Let n(y) = -y**2 - 4*y + 3. Let g be n(-3). Let o = r + g. List the prime factors of o.
2
List the prime factors of 1/((-4123)/(-458) - 9).
2, 229
Let a(w) be the third derivative of 47*w**5/60 - w**4/12 - w**3/2 - 24*w**2. List the prime factors of a(-2).
3, 7
Let o be (21/(-2))/(-7)*2 - -5. Let q = -3 + 6. Let a = o - q. List the prime factors of a.
5
Suppose 3*g = 7*g - 24. Suppose -2 = -y, g*f - 3*f = -2*y + 55. Let c = 33 - f. What are the prime factors of c?
2
What are the prime factors of (-4)/(-4*(-3)/(-2367))?
3, 263
Suppose y - 6 + 4 = 0. Suppose 2*z - 3*l - 179 = 143, 4*l - 294 = -y*z. List the prime factors of z.
5, 31
Let o(r) = r**3 - 3*r**2 + 5*r - 3. Let z be o(5). Suppose -16 = -8*j + z. What are the prime factors of j?
11
Suppose -4*t = -5*s + 4193, 31*s - 3*t = 30*s + 832. What are the prime factors of s?
29
Let x(r) = 2*r + 1. Let c(f) = -f - 1. Let i(d) = 3*c(d) + x(d). Let o be i(-7). Suppose -107 = -o*b + 58. What are the prime factors of b?
3, 11
Let b(u) = -u - 39. Let m be b(26). Let k = m - -165. List the prime factors of k.
2, 5
Suppose -72 = -2*h + 28. Let b be (-85)/2*(-80)/h. What are the prime factors of b/10 - 13/(-65)?
7
Suppose -k - k = -3*y - 783, -2 = -2*y. What are the prime factors of k?
3, 131
Let x be (-64)/(6 + -2 - 6). Let k = 80 - x. Suppose 0 = -4*y - k + 268. List the prime factors of y.
5, 11
Suppose 0 = -7*v + 4*v + 9. Let p be v*(2/3 - -2). Let i(d) = -d**2 + 9*d + 10. List the prime factors of i(p).
2, 3
Let b(i) = 3*i**2 - 18*i + 12. Let p(u) = u + 18. Let x be p(-10). What are the prime factors of b(x)?
2, 3, 5
Suppose 4*d + 1100 = -3*g + 11375, 0 = 3*d - 5*g - 7728. What are the prime factors of d?
3, 857
Suppose -5*d + b + 14 = -5, d + 1 = -b. Suppose d*h = -k + 45 + 11, 2*h + 280 = 5*k. List the prime factors of k.
2, 7
Let u(f) = -4*f + 0 + 12 - 4. Let m be u(-10). Let c = m - 16. List the prime factors of c.
2
Suppose 0 = -v + 3*y + 23, -2*y - 8 = -0*y. Let n(i) = i**2 - 9*i - 26. Let s be n(v). List the prime factors of (17 + -27)*26/s.
5, 13
Let d(q) = q**2 + 6*q - 5. Let v be d(-6). What are the prime factors of (-71)/(v/20*2)?
2, 71
Let q(d) = -d**2 + 9*d - 3. Let f be q(8). Suppose 0 = 3*b - 2*p - 140, -f*b + b - 4*p + 160 = 0. What are the prime factors of b?
2, 11
Suppose 0 = 920*d - 911*d - 47619. List the prime factors of d.
11, 13, 37
Suppose w + 2*w = -507. Let m = -61 - w. Suppose 4*f + o = -f + 180, 3*f + o - m = 0. List the prime factors of f.
2, 3
Let s(v) = 9*v - 7 + 3 - v**2 + 9. Let c be s(5). Let m = 46 - c. What are the prime factors of m?
3, 7
Let u = 18 - 10. Suppose -8*a = -13*a. Suppose u = -2*r, 2*l + 2*r + a*r = 38. List the prime factors of l.
23
Let q = -138 + 60. Let c = q - -198. What are the prime factors of c?
2, 3, 5
Let n(o) = 7*o**3 - 6*o**2 + 14*o - 3. What are the prime factors of n(4)?
3, 5
Let o(s) = 100*s + 13. Let m be o(-1). Let i = -42 - m. List the prime factors of i.
3, 5
Let j(v) = v**2 + v + 1. Let z(l) = -6*l**2 - 7*l - 6. Let n(c) = -5*j(c) - z(c). Let w be n(-1). Suppose u + 4 - 16 = w. List the prime factors of u.
2, 3
Let q = 19 - -51. Suppose -q = -8*w + 114. What are the prime factors of w?
23
Let x(j) = -j - 5. Let y be x(-6). Let g = 51 + 17. Suppose -q = 2*c - 16, g = 3*q - c - y. What are the prime factors of q?
2, 11
Suppose 10 = 3*j - j, -3*j + 30 = 3*m. Suppose 3*y - 3*p - 230 = -77, 231 = 4*y + m*p. What are the prime factors of y?
2, 3
Let w be (2/(-3))/((-24)/216). Let j(d) = -d**3 + 7*d**2 + d + 6. What ar